9) in base 4?
-110022003
-1084a (base 14) to base 13
-152ca
Convert -103011041 (base 6) to base 7.
-21323251
-1030403302 (base 5) to base 7
-24463212
-5598c4 (base 13) to base 12
-815377
Convert 24dd63 (base 16) to base 7.
26351435
-834a1 (base 12) to base 13
-60250
-2031214312 (base 5) to base 12
-1489677
What is -23312010 (base 4) in base 8?
-136604
-4308475 (base 11) to base 3
-112021010122101
9067238 (base 10) to base 8
42455346
Convert -101000111001010010 (base 2) to base 11.
-104939
-5132705 (base 8) to base 15
-1bc238
What is -a246b (base 13) in base 14?
-77d73
What is -112213130 (base 4) in base 16?
-169dc
What is 10010111111000011000 (base 2) in base 10?
622104
What is e15a8c (base 16) in base 9?
30708855
Convert 220210210021 (base 3) to base 7.
4102354
-1314a45 (base 14) to base 13
-1b9bcb2
Convert -100010110110001001 (base 2) to base 8.
-426611
What is -1302202301 (base 4) in base 12?
-1a7615
11221221013 (base 4) to base 8
5515107
-5b3414 (base 14) to base 3
-12212112211121
What is -11302210 (base 4) in base 5?
-1224331
3348038 (base 9) to base 14
34d3d3
Convert 558354 (base 9) to base 13.
b9149
-11202003021 (base 4) to base 6
-51025453
Convert -244140201 (base 5) to base 13.
-318b3c
-916a1 (base 11) to base 7
-1065326
Convert 110406164 (base 7) to base 5.
3201021400
What is -33010213 (base 4) in base 14?
-186d9
-31123341 (base 5) to base 15
-5079b
-35542545 (base 6) to base 14
-211505
-5227419 (base 10) to base 12
-1901163
What is 856b (base 13) in base 11?
129a8
What is 2604a2 (base 12) in base 15?
c47d8
Convert 1011111011101111101001 (base 2) to base 6.
151014505
What is 3759a (base 12) in base 14?
1d554
-23421 (base 13) to base 8
-175640
What is -156901 (base 10) in base 5?
-20010101
What is 3388 (base 12) in base 13?
27b0
What is 31a6d0 (base 16) in base 14?
609bc4
Convert -45043111 (base 6) to base 7.
-14356543
-252400 (base 10) to base 12
-102094
-10010000000001010000 (base 2) to base 15
-b9bbe
What is bee79 (base 16) in base 13?
214bb8
Convert -54a34 (base 12) to base 9.
-180654
What is 10121102201 (base 3) in base 11?
49402
-21224 (base 13) to base 14
-17a75
-1350504 (base 6) to base 4
-102231220
21212403 (base 6) to base 11
396872
b67810 (base 15) to base 11
49a0174
Convert -43b6e (base 15) to base 13.
-76c52
-21201210211012 (base 3) to base 8
-17533224
Convert 234042 (base 7) to base 8.
122353
12102021121000 (base 3) to base 7
33321216
What is -211bb (base 12) in base 4?
-22213133
Convert -312c3 (base 15) to base 2.
-100110000011101011
Convert 42149a (base 11) to base 7.
5512061
35174261 (base 8) to base 13
1785301
3422340 (base 5) to base 11
41898
-10102011221021 (base 3) to base 9
-3364837
58b506 (base 15) to base 5
2041141011
2112221021 (base 3) to base 8
142116
Convert -101101110001010001 (base 2) to base 16.
-2dc51
Convert 254c90c (base 13) to base 8.
54346200
Convert -1000000010111010000 (base 2) to base 5.
-31414012
-111202122111012 (base 3) to base 6
-420442222
What is 525b2 (base 13) in base 11?
a1378
What is -452262 (base 10) in base 8?
-1563246
11101111000110001 (base 2) to base 13
43949
-3522021 (base 6) to base 13
-64a32
1523371 (base 9) to base 8
3155076
What is -342132234 (base 5) in base 2?
-101110011010100110000
-170052 (base 10) to base 2
-101001100001000100
-1110000000000110011100 (base 2) to base 5
-1414423203
-90452 (base 15) to base 10
-456602
-91365 (base 16) to base 4
-2101031211
-b3c765 (base 14) to base 15
-7ec3a1
What is 187159 (base 10) in base 7?
1406440
Convert 315c879 (base 13) to base 14.
1dd0885
257b5 (base 12) to base 10
51257
-4a082 (base 11) to base 15
-164c9
Convert 5545670 (base 8) to base 13.
403cba
What is -1011100001000100000 (base 2) in base 10?
-377376
Convert -11321023220 (base 4) to base 15.
-207b5b
Convert -a2880 (base 14) to base 7.
-3216620
Convert 3310865 (base 9) to base 10.
1778738
Convert 1132103110 (base 4) to base 12.
167644
What is -254140 (base 7) in base 11?
-323aa
What is -1201241133 (base 5) in base 7?
-32310331
Convert a151a2 (base 12) to base 8.
11465712
196a8b4 (base 12) to base 2
10100011110101010001000
What is 21c51 (base 14) in base 8?
240117
Convert -7092115 (base 10) to base 7.
-114165502
Convert 75ca0 (base 13) to base 8.
640116
Convert -6cd27 (base 14) to base 3.
-111111220010
What is -33310131 (base 5) in base 7?
-2322150
Convert -676863 (base 13) to base 14.
-4780a0
Convert 10111354 (base 8) to base 16.
2092ec
Convert 34350 (base 9) to base 16.
5967
What is 2132234 (base 5) in base 16?
8ed9
What is 1417179 (base 13) in base 14?
bb6578
-100011101000011110110 (base 2) to base 12
-483846
-44c89 (base 15) to base 11
-13a456
-2121321203 (base 4) to base 10
-630371
What is -8b31a (base 15) in base 11?
-282779
Convert 120021103 (base 4) to base 12.
49297
Convert 523064 (base 7) to base 9.
146302
What is 97bc32 (base 13) in base 11?
20175a5
-1290e (base 16) to base 2
-10010100100001110
What is -543642 (base 13) in base 12?
-7b4a80
-373b72 (base 13) to base 14
-265c97
-157668 (base 9) to base 8
-276341
-1bb842 (base 12) to base 2
-1111001010111110010
Convert -3400634 (base 7) to base 6.
-13002422
Convert 7a361 (base 12) to base 14.
43545
What is 800148 (base 11) in base 8?
4724605
What is -10041440 (base 6) in base 13?
-9cc4b
Convert -166b8 (base 13) to base 12.
-209b8
What is 158200 (base 9) in base 13?
356ca
-5a (base 15) to base 8
-125
What is 1011110000110101011 (base 2) in base 9?
646658
Convert 11203350 (base 6) to base 9.
572363
1063610 (base 7) to base 14
36877
Convert 3649e (base 15) to base 10.
173174
Convert -21112122210 (base 3) to base 12.
-71b03
What is -692574 (base 10) in base 7?
-5613111
46e47 (base 16) to base 14
77b71
What is 53261 (base 16) in base 14?
8c18d
What is ae7324 (base 16) in base 6?
1045013204
What is -33505012 (base 9) in base 12?
-553346b
What is 100001111110101101111 (base 2) in base 10?
1113455
Convert -808424 (base 9) to base 14.
-c6598
What is -1836596 (base 10) in base 4?
-13000120310
15995 (base 12) to base 2
111100001000001
What is c9452 (base 15) in base 9?
1173305
1298945 (base 10) to base 16
13d201
Convert -44a0a (base 15) to base 8.
-652224
What is -12412424112 (base 5) in base 7?
-244353414
Convert -10110324 (base 5) to base 11.
-56643
What is 56b7b (base 13) in base 10?
157948
4b0a2a (base 13) to base 6
102334141
Convert -140143214 (base 5) to base 6.
-23111132
What is -2112200313 (base 4) in base 7?
-5145246
What is -3191081 (base 10) in base 14?
-5d0d05
What is 10668224 (base 9) in base 13?
10c5c70
What is -16421a7 (base 12) in base 11?
-2639269
What is 10120064 (base 8) in base 12?
871444
-11000212200 (base 3) to base 15
-187b6
-a93256 (base 14) to base 11
-3266061
-44201240 (base 5) to base 3
-201101020121
Convert -312b50 (base 14) to base 2.
-110010101001011010010
1000031 (base 4) to base 8
10015
Convert 4818692 (base 11) to base 14.
118970c
What is -505253140 (base 6) in base 16?
-840d14
What is 10043000 (base 5) in base 9?
133100
Convert 11101112 (base 5) to base 14.
2750c
What is -3678735 (base 9) in base 3?
-10202122211012
Convert -1337a1a (base 11) to base 13.
-62b0a8
Convert -1048451 (base 9) to base 4.
-2021222233
ab018 (base 12) to base 7
1632011
What is 157042 (base 8) in base 3?
2220000011
What is 12636031 (base 7) in base 10?
1168966
What is 1ccfa (base 16) in base 10?
118010
Convert 13125717 (base 8) to base 15.
3cc662
What is 124ba54 (base 12) in base 11?
2030054
What is 11110122220 (base 3) in base 12?
42aa3
3562624 (base 7) to base 3
211222120001
32224313 (base 5) to base 16
42d2c
Convert 177513 (base 10) to base 3.
100000111120
4171502 (base 8) to base 10
1110850
-54023451 (base 7) to base 13
-c4b285
-6440707 (base 10) to base 4
-120210130003
Convert 3a0f43 (base 16) to base 7.
44225165
Convert 2535751 (base 8) to base 7.
5656630
What is 54521305 (base 6) in base 8?
6153711
What is 451070 (base 8) in base 14?
3d61a
Convert 3b5dd (base 14) to base 12.
70a13
Convert 2768581 (base 10) to base 6.
135201301
Convert -14342431 (base 5) to base 6.
-3135414
Convert 1a5d91 (base 15) to base 16.
139db9
-1297a5 (base 11) to base 12
-99776
1026116 (base 8) to base 7
2216223
59b84 (base 16) to base 7
3060256
What is -223341404 (base 5) in base 11?
-620740
145032634 (base 7) to base 9
20145671
Convert -11